et w be -11*(144/22 + -12). Let h be (-1 + -13)/((-6)/111). Let f = h + w. Is f prime?
False
Suppose -6*u + 3*u + 48844 = r, 195389 = 4*r - u. Is r composite?
False
Let u = -278 + 281. Suppose -u*z + 13*m + 18072 = 10*m, -4*m = z - 6049. Is z composite?
False
Let u = 12 - 12. Suppose u = -z - 12 + 16. Suppose -4*d + 179 = -0*v + v, -4*d - 756 = -z*v. Is v composite?
True
Let l = -614 + 45. Suppose 3939 = 4*n + 3*c, 4*c - 563 = -n + 425. Let b = n + l. Is b a composite number?
True
Suppose -62*b + 19*b - 129 = 0. Is 907*(3 + -2)*(4 + b) composite?
False
Suppose -16*i - 63791 = -23*i. Suppose -20*s + i = -7*s. Is s prime?
True
Let t(s) = -82*s**3 - 5*s**2 - 6*s - 2. Let h be t(-2). Let f = h + -388. Suppose -3*w + 1761 = -f. Is w prime?
True
Let z(t) = 10*t**2 + 8*t - 3. Let j = 81 + -86. Let x(g) = -9*g**2 - 9*g + 4. Let n(f) = j*z(f) - 6*x(f). Is n(-10) prime?
True
Is (-6)/15*(-2064180)/24 a composite number?
False
Let x(c) = -56*c - 35. Let h(w) = 2697*w + 1682. Let d(m) = -3*h(m) - 145*x(m). Suppose -v = -3, -2*k + 2*v + 2 = -0*v. Is d(k) composite?
True
Let j(q) = -3*q - 20*q**3 - 15 - 4*q + 10*q**3 + 5*q**3 + 5*q**2 - 20*q**3. Is j(-4) a composite number?
False
Suppose 5*s = -5*q + 230455, -5*s + 184364 = -18*q + 22*q. Is q prime?
True
Suppose -29*u + 24*u = -15. Suppose 0 = v - 3*y - 47, 0 = 4*v - u*y - 55 - 151. Suppose 0 = 3*b + i - 720, 2*b - v = 4*i + 413. Is b prime?
True
Suppose 0 = -5*c + 3*c - n + 12, 0 = 3*c - 3*n. Suppose -c*q + 3*j + 9839 = -11196, -2*q - 3*j + 10531 = 0. Is q composite?
False
Let b be 2/(-7) - (-2992153)/(-259). Let n = -1688 - b. Is n a composite number?
True
Let a = -450270 + 1692635. Is a a prime number?
False
Is 4/(-30) + 6/(-4) + 7118438/60 composite?
True
Suppose -7*y + 264 = y. Let s = -28 + y. Suppose -s*i + 1587 = -398. Is i a prime number?
True
Let o(d) = -40*d + 78. Let k be o(-18). Let n = k - 383. Is n a composite number?
True
Suppose 0 = 14*t - 24*t + 14*t. Suppose t = -4*g + 1201 + 3667. Is g prime?
True
Let g = -11452 - -24693. Is g prime?
True
Is (-21)/(-9) - (-18833180)/57 composite?
False
Suppose -5*d + 704 = 3*c, -2*d + 86 = 5*c - 207. Let n = 0 + d. Is n a composite number?
False
Is 4 + (-44774289)/(-91) + (-54)/13 + 4 a composite number?
False
Let u(i) = -111*i**3 + 2*i**2 + 3*i + 2. Let l be u(-3). Let j = -1326 + l. Let f = -727 + j. Is f a composite number?
True
Let o = 52 + -46. Suppose 12*c - 6*c = -8622. Is (c/o)/((-2)/4) a prime number?
True
Suppose -3*c - 15472 = 10160. Let o = -2852 - c. Suppose -o = -m - 3*m. Is m a prime number?
True
Let o(c) = -41087*c - 271. Is o(-4) a composite number?
True
Let g(v) be the first derivative of -353*v**4/4 - 4*v**3/3 - 3*v**2/2 - 13*v - 104. Is g(-3) a prime number?
True
Let k(a) = -a**3 + 362*a**2 - 7*a - 25. Is k(-29) prime?
True
Suppose -5*b + 5*y = -20, -83*y = 3*b - 80*y - 30. Is b/(28/276) + 8 a prime number?
False
Suppose -5*t - 2*v = 5, 0*v + 13 = -2*t - 3*v. Let z be t - (-5)/(-10)*-6. Suppose -2*i + z*i + j - 1218 = 0, 5*i + 5*j = 3035. Is i composite?
True
Let o be (-4)/(-6)*-9 + 1076. Let r = 56 - 40. Suppose -r*u + o = -11*u. Is u prime?
False
Suppose 2*w - 5*u + 40 = 0, -2*u = -3*w - 2*w - 100. Suppose 0 = -4*z, x + 4*z = -152 - 503. Let q = w - x. Is q composite?
True
Suppose 17*v = 8*v + 55710. Is v/(-2)*2/(-5) a composite number?
True
Let f(j) = 6917*j + 1992. Is f(11) a composite number?
False
Let f(w) = 2*w - 11. Suppose -o + 5*q - 18 = 0, -o + 2*q = 3*q. Let y be f(o). Let j(b) = 2*b**2 + 17*b + 2. Is j(y) prime?
False
Let d be (-65)/(-26)*(-2 - 0). Let o be d/(180/(-450728)) - (-2)/(-9). Suppose -o + 3546 = -14*g. Is g a composite number?
False
Suppose -2*h - 1 - 19 = 0. Let d be 2/h - (-69576)/30. Is d/1 + 1*(-2 + 4) composite?
True
Let g = -5083 - -3004. Let b = -1126 - g. Is b a composite number?
False
Let w = -92 - -98. Suppose -w = -2*n, -5*l + 23 + 13 = 2*n. Is ((-2468)/l + -5)*-3 a prime number?
True
Suppose -6*t + 52219 = -911. Suppose -14*g = -24143 - t. Is g a prime number?
True
Suppose -5*y + 9188 = -387. Suppose 5*k + 4*a - 10 = 0, -41*a - 4 = -2*k - 40*a. Suppose 2*s + 4*g = 5*g + 3840, s = -k*g + y. Is s a prime number?
False
Suppose 0 = -a + 21*a - 6*a. Suppose -4*x = -0*x - 20, -w - x + 2104 = a. Is w a composite number?
False
Let f(h) = h**2 + 22*h - 56. Let m = -460 + 433. Is f(m) prime?
True
Suppose m = 4*b - 7*b + 5, 2*b + 4*m - 10 = 0. Is (45870/4 - 23/46)*b a composite number?
False
Suppose 23*p - 104837 = 6*p + 2518450. Is p a composite number?
True
Suppose -64*c + 2450 = -63*c. Suppose 4*b - b + 3046 = 5*a, 4*a - c = -2*b. Is a composite?
True
Suppose -3*n + 0 - 3 = 0. Is (4879 - -10)/(1/n - -2) a composite number?
False
Suppose 1808486 = -210*m + 284*m. Is m a composite number?
False
Suppose 68*m + 20 = 73*m. Suppose m*t - 20103 = -7099. Is t prime?
True
Suppose 2*j + 23*u - 26*u = 25630, 4*u + 16 = 0. Is j a prime number?
True
Suppose 136 - 2776 = -16*b. Let y = -10 - -15. Is (b/y*1)/1 composite?
True
Let j be -2 + 195 + 1/(-1). Let k(u) = -103 - u**2 + j - 6*u + 410 + 4*u. Is k(0) a prime number?
True
Let q be (2/(-7))/((-1)/(-7)). Is ((-6)/9)/(q + 520212/260109) prime?
True
Let d = 534676 + -232353. Is d a composite number?
True
Suppose -16*g + 21*g = 10. Let n(m) = 49*m - 4 - 328*m**3 - 4*m**g + 3*m**2 - 53*m. Is n(-1) composite?
True
Suppose -77*u + 161 = -54*u. Suppose -u*j + 12536 = 3*v - 12*j, v + 3*j = 4202. Is v prime?
False
Let j(r) = -r**2 + 13*r + 95. Let a be j(-5). Suppose 504 = 4*g + k - 1123, 0 = 3*g + a*k - 1216. Is g a composite number?
True
Suppose -2*d = 3*s - 5877, -3*d = -3*s + 7*s - 8813. Suppose 568 = g - d. Is g a composite number?
False
Let y(j) = -7*j**2 - 5*j - 5. Let a(v) = v**2. Let s(o) = 2*a(o) + y(o). Let u be s(-2). Let b(d) = d**2 - 24. Is b(u) a composite number?
True
Let k(y) = y**3 - 6*y**2 + 8*y - 11. Let v be k(5). Suppose -f = v*s - 9837, -5*f = -0*f - 5*s - 49235. Suppose -10*t - t + f = 0. Is t composite?
True
Let h(d) = -165*d**3 - 5*d**2 - 2*d - 10. Let c be h(-4). Suppose -2*p + c = 5*g - 3*p, 5*p - 10460 = -5*g. Is g composite?
True
Suppose 2*u = 5*o - 58, -2*o = -2*u - 5 - 17. Suppose -3 - o = -3*v. Suppose -3*s = -v*g + 5045 + 6605, 6979 = 3*g - 4*s. Is g a prime number?
True
Suppose -5*t = 1 - 6, 5*t = q + 13. Is 1 - 1 - (-779 + q) a prime number?
True
Let x(l) = 993*l**2 - 27*l + 193. Is x(10) a prime number?
True
Let o be (1/3)/(1/9) + 1. Suppose -w = o*w - 25995. Is w composite?
True
Let z(g) = 2*g**3 - 10*g**2 - 11*g + 398. Is z(27) prime?
False
Is ((-5864888)/32)/(50/(-200)) composite?
False
Let n(m) = 0 - 5*m**2 + 7 + 17*m - 8 - 4*m**3. Let d be (105/(-6))/5*2. Is n(d) a composite number?
True
Suppose -5*j - 813643 = -3*y - 9*j, y = 2*j + 271211. Is y a composite number?
True
Suppose 0 = 6*t - 10*t + 1404. Let n = -248 + t. Let c = n + 532. Is c a prime number?
False
Suppose 10*h = 12*h - 10. Suppose -10588 + 26603 = h*i. Is i prime?
True
Suppose -249*t + 12151421 = -82*t. Is t a prime number?
True
Let z(x) = -734*x - 63. Let n = 249 + -263. Is z(n) a composite number?
True
Let g(y) = -916*y + 21. Suppose 0 = -2*z + 4*r - 12, 0 = 3*z - 0*z - 5*r + 19. Is g(z) composite?
False
Let b be ((-518)/(-5) + 60/(-100))*-62. Let v = b + 17415. Is v composite?
True
Suppose -11*k + 3947135 = 1031574. Is k composite?
True
Let v(c) = -2*c**3 - 5*c**2 - 3*c + 3. Let m be v(-3). Suppose 2*p + m = 5*p. Let a(b) = b**2 + b - 7. Is a(p) a prime number?
False
Let s(w) = 172*w**3 - 2*w**2 + 166*w - 59. Is s(10) composite?
True
Suppose 199*h - m - 996193 = 196*h, 4*m = 4*h - 1328268. Is h prime?
False
Let r = -82 - -100. Suppose 2*s - 5*u = -0*s + 11, 0 = 5*s - 3*u - r. Suppose 2*i - 6595 = -s*i. Is i a composite number?
False
Let s(n) = 5592*n + 52. Let b be s(5). Suppose -5*g - d + b = 0, 5*g + 3*d = 4*d + 28018. Is g prime?
False
Suppose -20*x - 135170 = -30*x. Is x composite?
True
Let m(j) be the third derivative of -j**4/24 + 3*j**3/2 - 16*j**2. Let v be m(6). Suppose 3*d = -v*i + 276, -2*d + 122 = -d - 5*i. Is d composite?
False
Let p(r) be the third derivative of 11*r**5/12 + 17*r**4/24 + 5*r**3/6 + 27*r**2. Is p(-8) composite?
False
Let x = -942748 + 1749230. Is x a prime number?
False
Let q(m) = 156*m**3 - 70*m + 463. Is q(6) a composite number?
Fals